when z(9) is divided by f(-2)?
16
Let t = 5 + -7. Let c be (-6)/t - (12 - 7). Calculate the remainder when 13 is divided by 0 + 9/3 - c.
3
Calculate the remainder when 49 is divided by ((-3)/2)/(12/(-136)).
15
What is the remainder when (-2 - 2)*-1*32/2 is divided by 17?
13
Let j(u) = -u**2 - 7*u - 7. Let r be j(-5). Suppose r*a + a - 20 = 0. What is the remainder when (-88)/(-5) + (-15)/25 is divided by a?
2
Let l = -17 + 2. Let z(q) = -q**3 - 16*q**2 - 15*q + 9. What is the remainder when 33 is divided by z(l)?
6
Suppose -4*m - 2*a + 50 = 0, -m + 5*m - a - 41 = 0. Calculate the remainder when 19 is divided by m.
8
Suppose 17*d - 14*d - 9 = 0. Calculate the remainder when 9 is divided by d.
0
Let u = -11 + 22. Calculate the remainder when u is divided by 5.
1
Let p = 31 - 19. Let y = -37 - -19. Let b = 41 + y. What is the remainder when b is divided by p?
11
Let r = 39 + -9. Suppose 5*h - 35 = r. Calculate the remainder when 37 is divided by h.
11
Let b(z) = -2*z**2 + 3*z + z + 3*z**2 - 5. Let f be b(-9). Let x = -18 + f. What is the remainder when x is divided by 12?
10
Let v(p) = -6 - 12*p - p**2 + p + 0. Calculate the remainder when v(-8) is divided by 5.
3
Suppose 13 + 7 = 2*c. Suppose -169 = -5*v + 16. What is the remainder when v is divided by c?
7
Let m = -25 + -12. Let v = -21 - m. Calculate the remainder when v is divided by 9.
7
Let f(k) = -4*k - 1. Suppose 4*p = -7 - 5. Let l be 78/(-10) + p/15. Calculate the remainder when f(l) is divided by 16.
15
Let l = -18 - -29. What is the remainder when (-6)/4 - (-255)/6 is divided by l?
8
Suppose 43 = j - 5*a, 6*j - 2*a = 9*j - 180. What is the remainder when j is divided by 10?
8
Let v(o) = -4*o**2 + 6*o - 6. Let j(c) = 4*c**2 - 7*c + 7. Let f(i) = -3*j(i) - 4*v(i). What is the remainder when 51 is divided by f(2)?
12
Let n(j) = 9*j + 11. Calculate the remainder when n(6) is divided by 17.
14
Suppose -2*x + 59 = 3*u, -x - 86 = -4*x - 4*u. Suppose -10*o = -333 - 307. What is the remainder when o is divided by x?
20
Suppose -4*w + 0*w + q - 60 = 0, -q - 20 = w. Let c = -5 - w. Calculate the remainder when c is divided by (0 - 2)/1*-2.
3
Let r be 128/(-1)*(16 - 17). Suppose r = 4*h - 0*h. Calculate the remainder when h is divided by 11.
10
Let r(w) = w - 6. Let y be r(6). Suppose y*c - 50 = -2*c. Suppose -3*k = 5*b - 36, -4*k + 7 = -2*b - 15. Calculate the remainder when c is divided by k.
4
Suppose 2*w - 114 = -0*w. Calculate the remainder when w is divided by 20.
17
Let h(k) = 22*k**2 - k - 2. Let b be h(2). Let l = 122 - b. Suppose -4*q - 3*f + 6*f + 52 = 0, f + 26 = 2*q. Calculate the remainder when l is divided by q.
12
Let h(r) = -1 + 2*r + 5*r**2 - 5*r**2 + 10*r**3. Suppose b - 155 = -4*b. Calculate the remainder when b is divided by h(1).
9
Let h(w) = w**3 - 8*w**2 + 13*w + 7. What is the remainder when h(6) is divided by 5?
3
Suppose -4*p + 64 = 4*y + 8, 4*p - 47 = -3*y. Calculate the remainder when 26 is divided by y.
8
Suppose 0*v - 4 = 3*s + 2*v, 5*s - 30 = 4*v. Suppose 15 = 3*g, s*o + 3*g - 4*g - 15 = 0. Let i(b) = 5*b - 1. Calculate the remainder when i(6) is divided by o.
9
Let o(s) be the third derivative of s**5/60 + s**4/24 - 5*s**3/6 - 3*s**2. Let f be o(0). What is the remainder when (6/f)/((-2)/5) is divided by 2?
1
Let v(s) = -s**2 + 4*s + 2. Let l be v(4). Suppose -2*c + 16 = 4*p, -2*c = l*p - 0*p - 8. Calculate the remainder when p is divided by 3.
1
Suppose 249 + 111 = 5*k. Calculate the remainder when k is divided by 15.
12
Suppose -4*m + 3*z = 35, -4*z + 6 + 9 = m. Let s = 9 + m. What is the remainder when 1 + 3 + (-36)/(-12) is divided by s?
3
Let x(s) = -4*s - 10*s - s - 2. Let v(q) = -q**3 - 3*q**2 + 6*q - 5. What is the remainder when x(-3) is divided by v(-5)?
13
Suppose 88 = 2*v + 4*w, -3*v - 2*v - 4*w + 208 = 0. What is the remainder when v is divided by 11?
7
Suppose 0 = -10*y + 7*y + 159. Calculate the remainder when y is divided by 19.
15
Let t = 70 - 40. What is the remainder when t is divided by 8?
6
Let q(t) = -t**3 + 15*t**2 - 11*t - 20. Let s be q(14). Suppose 5*p = -2*z + 48, z + 5*p - s = 3*p. What is the remainder when z is divided by 4?
2
Let a(d) be the first derivative of -d**4/4 - 4*d**3/3 + 9*d**2/2 - 6*d + 3. Let i(n) = n**3 - 2*n + 2. Calculate the remainder when i(3) is divided by a(-6).
11
Suppose j - 4*q = -2*j - 93, 3*q - 90 = 3*j. Let f = j + 40. Suppose 3*u = f + 29. Calculate the remainder when 26 is divided by u.
12
Suppose -3*z + 78 = -5*g + 200, -4*g + 104 = -4*z. Let i(n) = -13*n - 1. Let k be i(-1). Suppose y + 0*y - k = 0. What is the remainder when g is divided by y?
10
Let c(y) = y**3 + 3*y**2 + 2*y + 2. Let a be c(-2). Let q(d) = 12*d. What is the remainder when q(a) is divided by ((-1)/(-2))/(2/52)?
11
Let c(b) = b**2 + 2*b. Let h be c(-4). Let s(n) = -5*n + 2. Let y be s(h). Let l = -21 - y. What is the remainder when 50 is divided by l?
16
Suppose 0 = -5*b + 10 + 25. Let i = 11 + -7. Suppose i - 64 = -3*f. Calculate the remainder when f is divided by b.
6
What is the remainder when 11/((-11)/6)*(-6)/4 is divided by 6?
3
Suppose c + 3*g - 58 = -c, -5*c = g - 171. What is the remainder when 65 is divided by c?
30
Suppose x = w + 8, -7 = x - 3*w + 5*w. Suppose -3*d = 4*z - 1 - 1, -5*z - 3*d = -4. Suppose z = 3*j - 19. What is the remainder when j is divided by x?
1
Suppose -2*t + t + 43 = 0. Calculate the remainder when t is divided by -4*5/((-70)/77).
21
Let l = 9 - -7. Calculate the remainder when 76 is divided by l.
12
Let g = -14 + 27. What is the remainder when 48 is divided by g?
9
Let x = 11 - 5. Suppose 6 + 6 = 4*j. Suppose -7*f + 4*t = -3*f - 24, -3*t + 6 = j*f. What is the remainder when x is divided by f?
2
What is the remainder when 19 is divided by (3/(2 - 8))/(1/(-16))?
3
Let w = 60 - 35. Calculate the remainder when w is divided by 384/27 + 4/(-18).
11
Suppose 31 = k - 28. Calculate the remainder when k is divided by 15.
14
Let o = 143 + -82. Suppose -3*n = 4*s + 4 - 33, 0 = 2*n - s - 12. Suppose 0 = -5*f + 2*b + 70, -n = 3*f + b - 60. What is the remainder when o is divided by f?
13
What is the remainder when 206 is divided by (-96)/(-9)*(-12)/(-8)?
14
Let b = -11 + 21. What is the remainder when 18 is divided by b?
8
Let a(q) = q**3 - 2*q**2 + 2*q - 1. What is the remainder when (12/8)/(1/26) is divided by a(3)?
11
Let o(a) = a**3 - 6*a**2 + 19*a - 3. Calculate the remainder when o(5) is divided by 15.
7
Let p(t) = -2 + 5*t - 2*t + 4. Let v = 8 - 5. Calculate the remainder when p(v) is divided by 4.
3
Suppose 3*m = t + 16, 4*t = 2*m - 7 - 17. Suppose 3*l + 5 = -m. Let q(w) = w**3 + 5*w**2 + 4*w - 1. Calculate the remainder when 18 is divided by q(l).
3
Suppose -73 = -3*n + 140. Calculate the remainder when n is divided by 6.
5
Suppose -s + 4*s - 138 = 0. What is the remainder when 133 is divided by s?
41
Let h be 7 + 3*2/6. Suppose h - 3 = 5*v. What is the remainder when -2 - -5 - (v + 0) is divided by 2?
0
Suppose 2*u + 10 = -0, -3*r - 3*u = -36. Calculate the remainder when 65 is divided by r.
14
Suppose 3*u + 5*u = 80. Let c = 113 - 75. What is the remainder when c is divided by u?
8
Let q = 194 + 12. What is the remainder when q is divided by 35?
31
Suppose 5*d = -5*z + 30, 3*d - d = z + 3. Let w = z - 1. Calculate the remainder when (1/(-3))/(1/(-6)) is divided by w.
0
Suppose w - h = -16 + 37, -2*w + 30 = 4*h. Calculate the remainder when w is divided by 12.
7
Let o(n) = -n**3 - 6*n**2 - n + 6*n + 2*n. Let j be o(-7). Suppose -z + 27 = -j*z. What is the remainder when z is divided by 10?
7
Suppose 0 = -4*p + 2*p + 2*c + 24, 0 = p + 2*c - 6. Calculate the remainder when 59 is divided by p.
9
Suppose 3*m = 157 + 107. Calculate the remainder when m is divided by 18.
16
Let i = -16 + 54. Suppose 0 = -5*w + i + 7. What is the remainder when 17 is divided by w?
8
Let b(o) = -o**3 + 3*o**2 + 9*o - 11. Let n = 34 - 0. Calculate the remainder when n is divided by b(4).
7
Let v(s) = s**2 - 4*s + 7. Let j be v(-5). Suppose 2*o + j = 6*o. What is the remainder when o is divided by 8?
5
Suppose -l = -4*l - 18. Suppose -1 = d - 18. What is the remainder when d is divided by l/(-4)*(5 + -1)?
5
Let z(r) = -r**3 - 3*r**2 + 2*r. Suppose -3*m + 2*q + 2 = -m, -m - 14 = 2*q. Calculate the remainder when 22 is divided 